 - z**5/12 - z**4/4 - z**3 - 25*z**2. Let o = 6 - 0. What is u(o)?
-6
Let h(l) = -l**3 - 2*l + 1. Let x be ((-4)/12)/(2/(-12)). Suppose -o = -0*o - x. Suppose -4*j = -4*a - 12, -6 - 6 = -o*j + 5*a. What is h(j)?
-2
Let r(n) be the first derivative of n**4/4 + n**3/3 - 5*n**2/2 - 3*n + 8. Let d = -4 + 1. Determine r(d).
-6
Let d be (0 - -1)/((-2)/(-6)). Suppose -4*p + 20 = 4*l, -d*p + 5*l = -4 - 3. Let h(a) = -a**2 + 6*a - 5 - a**2 + a**2. Determine h(p).
3
Let f(i) be the first derivative of -5*i**2 + 2*i + 1. Let k(n) = 15*n - 3. Let a(d) = 7*f(d) + 5*k(d). Let y be 1/(-2) - 9/(-6). Give a(y).
4
Suppose -4*b + 13 = u - 7*b, 4*u + 5*b - 1 = 0. Let q(g) be the second derivative of 2*g + 1/12*g**u + 2*g**2 + g**3 + 0. Give q(-3).
-5
Let g(o) = -o + 9. Let c be g(7). Let s(y) = -y**3 - 2*y**2 + 2*y**2. What is s(c)?
-8
Suppose 0 = 2*i - 6 - 4. Let l(r) = 0*r - r**3 - 4*r - i*r**2 - 6 + 2*r. Suppose c + 5 + 0 = 0. What is l(c)?
4
Let x be 1/(10/(-6) - -2). Suppose 5*w - 22 = x. Let d(h) = h - h**2 + 0*h**2 - 1 - 4*h**2 + h**3. Determine d(w).
4
Let p(u) = -3*u**2 + u - 1. Let i = 10 + -9. Give p(i).
-3
Let i(m) = m**3 + 6*m**2 - 7*m + 3. Let d be i(-7). Let a(q) = -d*q + 4*q + q + 7 - 2. Calculate a(-5).
-5
Let s(z) be the first derivative of 9*z**2/2 - z + 26. Give s(1).
8
Let t(p) = 5*p**2 + 11*p - 15. Let m(d) = -2*d**2 - 6*d + 7. Let s(v) = 7*m(v) + 3*t(v). Calculate s(8).
-4
Let v be (18/(-8))/(3/(-8)). Let u(j) = -7*j**3 + 30*j**2 + 14*j - 4. Let p(h) = -3*h**3 + 13*h**2 + 7*h - 2. Let c(d) = -5*p(d) + 2*u(d). Give c(v).
-4
Let m(a) = 3*a**3 + 2*a**2 - 5. Let p(g) = 4*g**3 + 3*g**2 - 6. Let w(u) = -6*m(u) + 5*p(u). What is w(-2)?
-4
Let f(o) = -2*o**2 + 10*o - 9. Let a(m) = -3*m**2 + 15*m - 13. Let k(c) = -5*a(c) + 8*f(c). Let g = -19 - -24. Calculate k(g).
-7
Let a(x) = -2*x - 7. Suppose 5*v = -5*b - 15, -6 = -v - 5*b - 1. Give a(v).
3
Let h(b) = -10*b - 8*b**2 + 3 + b**3 + 16*b + 2. Give h(7).
-2
Let x(m) = m + 2. Let j(y) = -2*y + 3. Suppose -4*p + 6 = -p. Let w be j(p). Let n = w + -2. Determine x(n).
-1
Let l(d) be the second derivative of d**5/60 - d**4/8 - 2*d**2 + 5*d. Let b(c) be the first derivative of l(c). What is b(3)?
0
Let y(a) = -2*a + 3. Suppose -4*b - 2 - 14 = 0. Determine y(b).
11
Suppose 4*a - 1 = -13. Let w(x) = x**3 - 4*x**2 + 4*x - 1. Let j be w(3). Let r(k) = -2 + j - 2*k. What is r(a)?
6
Let u(o) = -o**3 + 3*o**2 - 5*o + 4. Let v(m) = m + 0*m + m - m. Let b(z) = -u(z) - 2*v(z). Let g = 6 - 3. Determine b(g).
5
Suppose -5*x = 4 - 29. Let q(y) = -1 + 2 - y - x + 0. Determine q(-5).
1
Let j(s) be the second derivative of -s**3 + 3*s**2/2 + 4*s. Give j(2).
-9
Let s = -6 - -11. Let d(o) = 0 + 3 + o - 4 - 1. Calculate d(s).
3
Let k(x) = x. Suppose 0*y - 4*y = -32. Let j = y - 11. Give k(j).
-3
Let p(w) = 2 - 3 + 2 - 5*w + 4*w. Determine p(-3).
4
Let p(n) = n + 5. Let k(g) = g - 1. Let x be ((-5)/(-3))/((-2)/12). Let m = x - -6. Let i be k(m). Determine p(i).
0
Let h(c) be the third derivative of -c**4/24 - 7*c**3/6 + c**2. Suppose 3*o - o = n - 12, o - 2*n = -9. Let u be h(o). Let r(i) = 4*i + 3. What is r(u)?
-5
Suppose 0 = -4*f + 11 + 9. Suppose o + 6 = 4*o. Let r(u) = -o*u - 6 + 8 + 5. Give r(f).
-3
Let y(g) = g + 2. Let d(b) = 4*b - 1. Let w be d(1). Suppose -2*r = -w*r. Calculate y(r).
2
Let d(g) be the first derivative of -g**5/60 - g**4/6 - 5*g**3/6 - 2*g**2 + 1. Let f(w) be the second derivative of d(w). Give f(-4).
-5
Let s(w) be the first derivative of -5*w**3 + w**2 - w - 7. Give s(1).
-14
Let p be 9/2 - 18/12. Let d = 7 - 4. Let x(z) = 3*z + 4*z**2 - d*z - z**3 + 1 - 4*z. Calculate x(p).
-2
Let y = 50 + -56. Let a(g) be the second derivative of g**3/6 + 5*g**2/2 + g. Calculate a(y).
-1
Let b = -10 + 10. Let o(s) = s**3 + s**2 - s - 1. Let w(a) = a**3 + 3*a**2 - 3*a. Let l(u) = -2*o(u) + w(u). Determine l(b).
2
Suppose -2*p - 3*b = -10, 0*b - 5 = -p + 3*b. Let d(q) = q**2 - 6*q + 7. Let w be d(p). Suppose w = j - 4*g, -2*j - g = -0*g - 4. Let y(u) = u + 1. Give y(j).
3
Let j(t) be the third derivative of t**9/60480 + t**8/3360 + t**7/720 + t**6/180 + t**5/20 + 5*t**2. Let f(x) be the third derivative of j(x). Determine f(-4).
8
Let k(z) = 12*z - 19*z + 1 + 5*z + 3*z. Determine k(2).
3
Let c(r) = -r + 1. Let i = -39 + 40. Give c(i).
0
Let j(m) = -3*m**2 + 6*m + 1. Let d(r) = -7*r**2 + 12*r + 2. Let y(x) = -2*d(x) + 5*j(x). Determine y(5).
6
Let i(u) = 2*u - 3. Suppose 27 = -0*p + p. Let q = p - 22. What is i(q)?
7
Let x = -7 + 4. Let n(w) be the first derivative of 3 + 3*w - 1/2*w**2 - 1/3*w**3. Determine n(x).
-3
Let h(s) = -5*s**3 - 4*s**2 - 4*s + 7. Let f(y) be the first derivative of 5*y**4/2 + 3*y**3 + 9*y**2/2 - 15*y - 4. Let q(c) = -6*f(c) - 13*h(c). Give q(-1).
-6
Let p(t) be the third derivative of 11*t**5/60 + 17*t**4/24 - t**3/6 + 4*t**2. Let g(c) = 5*c**2 + 8*c. Let y(k) = 7*g(k) - 3*p(k). Give y(-3).
6
Suppose -15 = 3*b - 4*b + 5*h, b + 2*h = -20. Let z be 3/(-2)*b/15. Let s(a) = a + 4 - z - 1. What is s(3)?
5
Let m be (-6)/4 + (-1)/2. Let q(z) = z**2 - z + 1. Let c(y) = -3*y**2 + 4*y. Let n(u) = m*q(u) - c(u). Let v be ((-2)/(-4))/(4/32). What is n(v)?
6
Let s(k) = -2 + k**2 + 5 + 3*k + 0. Let b = -4 + 5. Let x be -1*(-2 + 5)*b. What is s(x)?
3
Let t(d) = 1 + d - 4*d - 5*d + 0*d. Let p(s) = -7*s. Let x(z) = 4*p(z) - 3*t(z). Give x(-2).
5
Let q(r) = -5*r + 9. Let n(h) = -4*h + 8. Let b(u) = 4*n(u) - 3*q(u). Calculate b(-7).
12
Suppose 0 = 8*y - 7*y - 2. Let d(i) = -i**3 - i - 4*i**y + 7*i**2 + 1 + 2*i**2. What is d(5)?
-4
Let h(u) = -u + 5. Let c(g) = -3*g + 9. Let j(p) = -4*c(p) + 7*h(p). Let q be 14/77 - 64/(-11). Suppose 0 = -3*f - 3 + q. Give j(f).
4
Let z(d) = -4*d**2 - d + d. Let r(b) = b**3 + 8*b**2 - 10*b - 9. Let i be r(-9). Let w = -1 - i. Give z(w).
-4
Let k be 3/(1 - 0/3). Suppose -3*n + 12 = 0, n + 6 = -k*c - 2. Let o(j) = -j. Calculate o(c).
4
Let b(t) be the third derivative of -t**4/24 - 5*t**3/6 + 7*t**2. Determine b(-4).
-1
Let g(j) be the second derivative of j**4/12 + j**3/3 - j**2/2 + 15*j. Suppose -8 = -4*t - 4*d, 0 = -4*d + 8 + 8. Give g(t).
-1
Let a(t) be the second derivative of t**4/12 + 7*t**2/2 + 2*t. Let v be (-4)/((-100)/(-5))*0. Give a(v).
7
Let l(a) = -7*a - 7*a - a**3 - 2 - 2*a**2 + 13*a + 0*a. Calculate l(-3).
10
Let h(v) = -v**3 + v. Let c(r) = -r - 7. Let z be c(-7). Suppose z = -3*s - 4*p + 8, -2*s + 8 = -4*s + 4*p. Let n be s/5*(-1)/2. Determine h(n).
0
Suppose 4*l + t = -17, 2*t - 21 = 5*l + 3*t. Let v(b) = 5*b**2 + 10*b. Let u(s) = s**2 + s - 1. Let o(c) = -4*u(c) + v(c). Calculate o(l).
-4
Let i(m) = m**2 + m - 4. Let j be i(-3). Let a(n) be the third derivative of 0*n + 0 + 1/30*n**5 - 3*n**2 - 1/6*n**3 - 1/12*n**4. Determine a(j).
3
Let a(p) = -2*p**3 + 2*p**3 + 3*p**2 - 2*p**3 + 0*p**2. Give a(2).
-4
Let f(l) = l**3 - l**2 + l + 1. Let r(q) be the second derivative of q**5/4 - 2*q**4/3 + 7*q**3/6 + 4*q**2 + 8*q. Let p(k) = 4*f(k) - r(k). Determine p(4).
-16
Let o(i) = 2*i. Let n(r) = 3*r + 1. Let q(w) = -6*n(w) + 10*o(w). What is q(6)?
6
Let v(q) = -q**3 + 2*q**2 + 7*q - 6. Suppose 5*m - 7 = 13. Suppose m + 0 = k. Give v(k).
-10
Let c(v) = v**2 - 1 + 0*v - v + 2. Calculate c(2).
3
Let i(c) = -c**2 + 2*c + 5. Let g be i(3). Let j(b) = -7*b**2 + 7*b - 6 + 6*b**g + 0*b**2. What is j(4)?
6
Let r(f) be the second derivative of -7*f**4/4 - f**2/2 - 5*f + 2. Calculate r(-1).
-22
Let p(l) = 3*l + 3*l**2 - 2*l**3 - 1 - 3*l**3 + 5*l. Let r(i) = 6*i**3 - 4*i**2 - 9*i + 1. Let c(s) = -5*p(s) - 4*r(s). Calculate c(-3).
-5
Let m = -2 - -4. Let o(r) = -3 + 1 + 3*r - r**m + 2*r**2. Suppose n = -2*t - 9, 2*t = -3*t - n - 18. What is o(t)?
-2
Let j(l) = 3*l**2 + 8*l - 3. Let c(b) = -4*b**2 - 9*b + 4. Let i(u) = 5*c(u) + 6*j(u). What is i(3)?
-7
Suppose -2*z - 6 = 2*k, 4*k - 2*k + 4*z + 10 = 0. Let n = k + 6. Suppose n*d + 15 = -5. Let h(j) = j**3 + 5*j**2 + 5*j + 5. Determine h(d).
1
Let w(r) be the second derivative of -r**3/6 - 9*r**2/2 - 15*r. Calculate w(0).
-9
Let q(m) = -m**3 - 7*m**2 + 7*m - 7. Let i be q(-8). Let b(g) = -g + 0*g - 6*g. Give b(i).
-7
Let a be (2/(-6))/((-2)/12). Let l be a/(-4) + 18/12. Let r(s) = 11*s. Let j(f) = 32*f. Let z(h) = 6*j(h) - 17*r(h). What is z(l)?
5
Let b(n) = -n + 1. Let u(w) = -7*w + 5. Let a(i) = 6*b(i) - u(i). Let o be (-2)/3*(